Last updated on 2025-10-22 01:51:41 CEST.
Flavor | Version | Tinstall | Tcheck | Ttotal | Status | Flags |
---|---|---|---|---|---|---|
r-devel-linux-x86_64-debian-clang | 1.9.3 | 9.59 | 114.74 | 124.33 | NOTE | |
r-devel-linux-x86_64-debian-gcc | 1.9.3 | 7.32 | 85.37 | 92.69 | NOTE | |
r-devel-linux-x86_64-fedora-clang | 1.9.3 | 70.00 | 137.09 | 207.09 | OK | |
r-devel-linux-x86_64-fedora-gcc | 1.9.3 | 22.00 | 177.44 | 199.44 | OK | |
r-devel-windows-x86_64 | 1.9.3 | 12.00 | 128.00 | 140.00 | OK | |
r-patched-linux-x86_64 | 1.9.3 | 10.69 | 110.37 | 121.06 | OK | |
r-release-linux-x86_64 | 1.9.3 | 10.54 | 110.74 | 121.28 | OK | |
r-release-macos-arm64 | 1.9.3 | 6.00 | 337.00 | 343.00 | OK | |
r-release-macos-x86_64 | 1.9.3 | 9.00 | 113.00 | 122.00 | OK | |
r-release-windows-x86_64 | 1.9.3 | 15.00 | 133.00 | 148.00 | OK | |
r-oldrel-macos-arm64 | 1.9.3 | 5.00 | 72.00 | 77.00 | OK | |
r-oldrel-macos-x86_64 | 1.9.3 | 9.00 | 114.00 | 123.00 | OK | |
r-oldrel-windows-x86_64 | 1.9.3 | 15.00 | 155.00 | 170.00 | OK |
Version: 1.9.3
Check: HTML version of manual
Result: NOTE
Found the following HTML validation problems:
column-scope.html:58:1 (column-scope.Rd:22): Warning: missing </ul> before </div>
column_base.html:42:1 (column_base.Rd:9): Warning: missing </ul> before </div>
estimators.html:94:1 (estimators.Rd:43): Warning: missing </ul> before </div>
experiment.html:50:1 (experiment.Rd:12): Warning: missing </ul> before </div>
feature_columns.html:53:1 (feature_columns.Rd:14): Warning: missing </ul> before </div>
keras_model_to_estimator.html:68:1 (keras_model_to_estimator.Rd:24): Warning: missing </ul> before </div>
model_dir.html:50:1 (model_dir.Rd:12): Warning: missing </ul> before </div>
plot.tf_estimator_history.html:84:1 (plot.tf_estimator_history.Rd:35): Warning: missing </ul> before </div>
train-evaluate-predict.html:54:1 (train-evaluate-predict.Rd:17): Warning: missing </ul> before </div>
Flavors: r-devel-linux-x86_64-debian-clang, r-devel-linux-x86_64-debian-gcc