CRAN Package Check Results for Package tidyplots

Last updated on 2025-04-30 02:50:54 CEST.

Flavor Version Tinstall Tcheck Ttotal Status Flags
r-devel-linux-x86_64-debian-clang 0.2.2 9.99 262.95 272.94 NOTE
r-devel-linux-x86_64-debian-gcc 0.2.2 6.70 174.35 181.05 NOTE
r-devel-linux-x86_64-fedora-clang 0.2.2 430.05 OK
r-devel-linux-x86_64-fedora-gcc 0.2.2 395.22 OK
r-devel-windows-x86_64 0.2.2 12.00 234.00 246.00 OK
r-patched-linux-x86_64 0.2.2 9.38 244.73 254.11 OK
r-release-linux-x86_64 0.2.2 9.20 246.78 255.98 OK
r-release-macos-arm64 0.2.2 114.00 OK
r-release-macos-x86_64 0.2.2 131.00 OK
r-release-windows-x86_64 0.2.2 11.00 231.00 242.00 OK
r-oldrel-macos-arm64 0.2.2 81.00 OK
r-oldrel-macos-x86_64 0.2.2 127.00 OK
r-oldrel-windows-x86_64 0.2.2 14.00 309.00 323.00 OK

Check Details

Version: 0.2.2
Check: examples
Result: NOTE Examples with CPU (user + system) or elapsed time > 5s user system elapsed add_sum_bar 7.276 0.026 10.447 split_plot 6.553 0.011 7.808 add_count_bar 5.954 0.003 8.401 add_test_pvalue 5.729 0.016 6.912 add_median_bar 5.573 0.003 7.234 add_mean_bar 5.517 0.004 7.806 adjust_legend_title 5.324 0.083 7.046 add_barstack_absolute 4.731 0.023 5.470 add_sem_ribbon 4.352 0.007 5.726 adjust_colors 4.130 0.000 5.162 reverse_x_axis_labels 4.106 0.000 5.607 save_plot 4.024 0.007 5.358 reorder_x_axis_labels 3.916 0.007 5.291 rename_x_axis_labels 3.896 0.000 5.049 add_data_labels 3.833 0.009 5.806 Flavor: r-devel-linux-x86_64-debian-clang

Version: 0.2.2
Check: examples
Result: NOTE Examples with CPU (user + system) or elapsed time > 5s user system elapsed add_sum_bar 4.628 0.081 6.265 add_test_pvalue 3.953 0.023 5.148 Flavor: r-devel-linux-x86_64-debian-gcc