Last updated on 2025-10-22 01:51:42 CEST.
Flavor | Version | Tinstall | Tcheck | Ttotal | Status | Flags |
---|---|---|---|---|---|---|
r-devel-linux-x86_64-debian-clang | 1.7.1 | 9.55 | 152.77 | 162.32 | NOTE | |
r-devel-linux-x86_64-debian-gcc | 1.7.1 | 6.30 | 106.96 | 113.26 | NOTE | |
r-devel-linux-x86_64-fedora-clang | 1.7.1 | 25.00 | 220.38 | 245.38 | OK | |
r-devel-linux-x86_64-fedora-gcc | 1.7.1 | 20.00 | 228.13 | 248.13 | OK | |
r-devel-windows-x86_64 | 1.7.1 | 15.00 | 152.00 | 167.00 | OK | |
r-patched-linux-x86_64 | 1.7.1 | 10.15 | 140.37 | 150.52 | OK | |
r-release-linux-x86_64 | 1.7.1 | 9.06 | 139.26 | 148.32 | OK | |
r-release-macos-arm64 | 1.7.1 | 4.00 | 72.00 | 76.00 | OK | |
r-release-macos-x86_64 | 1.7.1 | 8.00 | 144.00 | 152.00 | OK | |
r-release-windows-x86_64 | 1.7.1 | 15.00 | 149.00 | 164.00 | OK | |
r-oldrel-macos-arm64 | 1.7.1 | 4.00 | 77.00 | 81.00 | OK | |
r-oldrel-macos-x86_64 | 1.7.1 | 10.00 | 157.00 | 167.00 | OK | |
r-oldrel-windows-x86_64 | 1.7.1 | 18.00 | 189.00 | 207.00 | OK |
Version: 1.7.1
Check: HTML version of manual
Result: NOTE
Found the following HTML validation problems:
duplicated_primary_keys.html:46:1 (duplicated_primary_keys.Rd:10): Warning: missing </ul> before </div>
feed_contains..html:52:1 (feed_contains..Rd:13): Warning: missing </ul> before </div>
gtfs_to_tidygtfs.html:50:1 (gtfs_to_tidygtfs.Rd:12): Warning: missing </ul> before </div>
hhmmss_to_hms.html:48:1 (hhmmss_to_hms.Rd:11): Warning: missing </ul> before </div>
hhmmss_to_sec_split.html:48:1 (hhmmss_to_sec_split.Rd:11): Warning: missing </ul> before </div>
hhmmss_to_seconds.html:48:1 (hhmmss_to_seconds.Rd:11): Warning: missing </ul> before </div>
sf_lines_to_df.html:58:1 (sf_lines_to_df.Rd:18): Warning: missing </ul> before </div>
sf_points_to_df.html:58:1 (sf_points_to_df.Rd:18): Warning: missing </ul> before </div>
Flavors: r-devel-linux-x86_64-debian-clang, r-devel-linux-x86_64-debian-gcc