CRAN Package Check Results for Package tkImgR

Last updated on 2025-05-01 01:49:49 CEST.

Flavor Version Tinstall Tcheck Ttotal Status Flags
r-devel-linux-x86_64-debian-clang 0.0.5 2.96 36.30 39.26 NOTE
r-devel-linux-x86_64-debian-gcc 0.0.5 2.51 27.98 30.49 OK
r-devel-linux-x86_64-fedora-clang 0.0.5 55.09 OK
r-devel-linux-x86_64-fedora-gcc 0.0.5 54.49 OK
r-devel-windows-x86_64 0.0.5 4.00 68.00 72.00 OK
r-patched-linux-x86_64 0.0.5 2.74 35.54 38.28 OK
r-release-linux-x86_64 0.0.5 2.91 35.52 38.43 OK
r-release-macos-arm64 0.0.5 42.00 OK
r-release-macos-x86_64 0.0.5 49.00 OK
r-release-windows-x86_64 0.0.5 6.00 72.00 78.00 OK
r-oldrel-macos-arm64 0.0.5 34.00 OK
r-oldrel-macos-x86_64 0.0.5 47.00 OK
r-oldrel-windows-x86_64 0.0.5 4.00 64.00 68.00 OK

Check Details

Version: 0.0.5
Check: examples
Result: NOTE Examples with CPU (user + system) or elapsed time > 5s user system elapsed tkimageCommands 6.824 1.183 10.209 tkImShow 3.266 0.656 7.444 Flavor: r-devel-linux-x86_64-debian-clang

Version: 0.0.5
Check: examples
Result: NA user system elapsed tkimageCommands 5.054 0.234 6.544 tkImShow 2.437 0.321 6.003 OK Flavor: r-devel-linux-x86_64-debian-gcc