CRAN Package Check Results for Package tmpm

Last updated on 2025-04-15 01:50:49 CEST.

Flavor Version Tinstall Tcheck Ttotal Status Flags
r-devel-linux-x86_64-debian-clang 1.0.3 3.21 26.81 30.02 OK
r-devel-linux-x86_64-debian-gcc 1.0.3 2.27 20.32 22.59 OK
r-devel-linux-x86_64-fedora-clang 1.0.3 47.23 OK
r-devel-linux-x86_64-fedora-gcc 1.0.3 46.10 OK
r-devel-windows-x86_64 1.0.3 4.00 47.00 51.00 OK
r-patched-linux-x86_64 1.0.3 3.34 26.09 29.43 OK
r-release-linux-x86_64 1.0.3 2.43 26.24 28.67 OK
r-release-macos-arm64 1.0.3 23.00 OK
r-release-macos-x86_64 1.0.3 31.00 OK
r-release-windows-x86_64 1.0.3 6.00 47.00 53.00 OK
r-oldrel-macos-arm64 1.0.3 18.00 NOTE
r-oldrel-macos-x86_64 1.0.3 27.00 NOTE
r-oldrel-windows-x86_64 1.0.3 5.00 51.00 56.00 NOTE

Check Details

Version: 1.0.3
Check: LazyData
Result: NOTE 'LazyData' is specified without a 'data' directory Flavors: r-oldrel-macos-arm64, r-oldrel-macos-x86_64, r-oldrel-windows-x86_64