CRAN Package Check Results for Package torchdatasets

Last updated on 2025-10-23 02:50:16 CEST.

Flavor Version Tinstall Tcheck Ttotal Status Flags
r-devel-linux-x86_64-debian-clang 0.3.1 18.11 141.26 159.37 NOTE
r-devel-linux-x86_64-debian-gcc 0.3.1 13.78 106.68 120.46 OK
r-devel-linux-x86_64-fedora-clang 0.3.1 85.00 182.44 267.44 OK
r-devel-linux-x86_64-fedora-gcc 0.3.1 41.00 206.82 247.82 OK
r-devel-windows-x86_64 0.3.1 12.00 88.00 100.00 OK
r-patched-linux-x86_64 0.3.1 18.04 137.80 155.84 OK
r-release-linux-x86_64 0.3.1 17.00 136.95 153.95 OK
r-release-macos-arm64 0.3.1 5.00 41.00 46.00 OK
r-release-macos-x86_64 0.3.1 10.00 75.00 85.00 OK
r-release-windows-x86_64 0.3.1 12.00 91.00 103.00 OK
r-oldrel-macos-arm64 0.3.1 3.00 28.00 31.00 OK
r-oldrel-macos-x86_64 0.3.1 9.00 68.00 77.00 OK
r-oldrel-windows-x86_64 0.3.1 16.00 110.00 126.00 WARN

Check Details

Version: 0.3.1
Check: HTML version of manual
Result: NOTE Found the following HTML validation problems: imdb_dataset.html:102:1 (imdb_dataset.Rd:47): Warning: missing </ul> before </div> oxford_pet_dataset.html:95:1 (oxford_pet_dataset.Rd:37): Warning: missing </ul> before </div> Flavor: r-devel-linux-x86_64-debian-clang

Version: 0.3.1
Check: whether package can be installed
Result: WARN Found the following significant warnings: Warning: Torch libraries are installed but loading them caused a segfault. Flavor: r-oldrel-windows-x86_64