CRAN Package Check Results for Package trackdown

Last updated on 2025-04-30 02:50:55 CEST.

Flavor Version Tinstall Tcheck Ttotal Status Flags
r-devel-linux-x86_64-debian-clang 1.1.1 2.88 34.08 36.96 NOTE
r-devel-linux-x86_64-debian-gcc 1.1.1 2.24 26.32 28.56 NOTE
r-devel-linux-x86_64-fedora-clang 1.1.1 57.87 OK
r-devel-linux-x86_64-fedora-gcc 1.1.1 67.00 OK
r-devel-windows-x86_64 1.1.1 4.00 54.00 58.00 OK
r-patched-linux-x86_64 1.1.1 2.84 31.17 34.01 OK
r-release-linux-x86_64 1.1.1 2.43 31.06 33.49 OK
r-release-macos-arm64 1.1.1 30.00 OK
r-release-macos-x86_64 1.1.1 51.00 OK
r-release-windows-x86_64 1.1.1 5.00 56.00 61.00 OK
r-oldrel-macos-arm64 1.1.1 33.00 OK
r-oldrel-macos-x86_64 1.1.1 42.00 OK
r-oldrel-windows-x86_64 1.1.1 5.00 60.00 65.00 OK

Check Details

Version: 1.1.1
Check: CRAN incoming feasibility
Result: NOTE Maintainer: ‘Claudio Zandonella Callegher <claudiozandonella@gmail.com>’ Package CITATION file contains call(s) to old-style personList() or as.personList(). Please use c() on person objects instead. Package CITATION file contains call(s) to old-style citEntry(). Please use bibentry() instead. Flavors: r-devel-linux-x86_64-debian-clang, r-devel-linux-x86_64-debian-gcc