Last updated on 2025-10-24 01:50:44 CEST.
| Flavor | Version | Tinstall | Tcheck | Ttotal | Status | Flags |
|---|---|---|---|---|---|---|
| r-devel-linux-x86_64-debian-clang | 1.0.2 | 3.86 | 288.01 | 291.87 | NOTE | |
| r-devel-linux-x86_64-debian-gcc | 1.0.2 | 2.84 | 218.32 | 221.16 | OK | |
| r-devel-linux-x86_64-fedora-clang | 1.0.2 | 23.00 | 501.05 | 524.05 | OK | |
| r-devel-linux-x86_64-fedora-gcc | 1.0.2 | 473.51 | OK | |||
| r-devel-windows-x86_64 | 1.0.2 | 6.00 | 313.00 | 319.00 | OK | |
| r-patched-linux-x86_64 | 1.0.2 | 4.22 | 286.51 | 290.73 | OK | |
| r-release-linux-x86_64 | 1.0.2 | 3.61 | 289.60 | 293.21 | OK | |
| r-release-macos-arm64 | 1.0.2 | 2.00 | 228.00 | 230.00 | OK | |
| r-release-macos-x86_64 | 1.0.2 | 6.00 | 425.00 | 431.00 | OK | |
| r-release-windows-x86_64 | 1.0.2 | 5.00 | 330.00 | 335.00 | OK | |
| r-oldrel-macos-arm64 | 1.0.2 | 2.00 | 217.00 | 219.00 | OK | |
| r-oldrel-macos-x86_64 | 1.0.2 | 6.00 | 423.00 | 429.00 | OK | |
| r-oldrel-windows-x86_64 | 1.0.2 | 7.00 | 389.00 | 396.00 | OK |
Version: 1.0.2
Check: HTML version of manual
Result: NOTE
Found the following HTML validation problems:
goodnessOfFitPlot.html:46:1 (goodnessOfFitPlot.Rd:10): Warning: missing </ul> before </div>
plot.bootTreedater.html:67:1 (plot.bootTreedater.Rd:20): Warning: missing </ul> before </div>
Flavor: r-devel-linux-x86_64-debian-clang