Last updated on 2025-10-25 01:51:21 CEST.
| Flavor | Version | Tinstall | Tcheck | Ttotal | Status | Flags |
|---|---|---|---|---|---|---|
| r-devel-linux-x86_64-debian-clang | 1.0.2 | 205.65 | 500.42 | 706.07 | OK | |
| r-devel-linux-x86_64-debian-gcc | 1.0.2 | 183.11 | 321.88 | 504.99 | OK | |
| r-devel-linux-x86_64-fedora-clang | 1.0.2 | 500.00 | 599.44 | 1099.44 | OK | |
| r-devel-linux-x86_64-fedora-gcc | 1.0.2 | 478.00 | 730.53 | 1208.53 | OK | |
| r-devel-windows-x86_64 | 1.0.2 | 203.00 | 472.00 | 675.00 | OK | |
| r-patched-linux-x86_64 | 1.0.2 | 236.52 | 468.47 | 704.99 | OK | |
| r-release-linux-x86_64 | 1.0.2 | 232.47 | 471.80 | 704.27 | OK | |
| r-release-macos-arm64 | 1.0.2 | 88.00 | 166.00 | 254.00 | OK | |
| r-release-macos-x86_64 | 1.0.2 | 167.00 | 319.00 | 486.00 | OK | |
| r-release-windows-x86_64 | 1.0.2 | 205.00 | 469.00 | 674.00 | OK | |
| r-oldrel-macos-arm64 | 1.0.2 | 83.00 | 178.00 | 261.00 | NOTE | |
| r-oldrel-macos-x86_64 | 1.0.2 | 159.00 | 320.00 | 479.00 | NOTE | |
| r-oldrel-windows-x86_64 | 1.0.2 | 176.00 | 654.00 | 830.00 | NOTE |
Version: 1.0.2
Check: installed package size
Result: NOTE
installed size is 122.3Mb
sub-directories of 1Mb or more:
libs 120.7Mb
Flavors: r-oldrel-macos-arm64, r-oldrel-macos-x86_64, r-oldrel-windows-x86_64