Last updated on 2025-04-30 01:50:40 CEST.
Flavor | Version | Tinstall | Tcheck | Ttotal | Status | Flags |
---|---|---|---|---|---|---|
r-devel-linux-x86_64-debian-clang | 1.0.0 | 138.23 | 718.82 | 857.05 | OK | |
r-devel-linux-x86_64-debian-gcc | 1.0.0 | 102.62 | 472.59 | 575.21 | OK | |
r-devel-linux-x86_64-fedora-clang | 1.0.0 | 1472.02 | OK | |||
r-devel-linux-x86_64-fedora-gcc | 1.0.0 | 1412.79 | OK | |||
r-devel-windows-x86_64 | 1.0.0 | 166.00 | 692.00 | 858.00 | OK | |
r-patched-linux-x86_64 | 1.0.0 | 145.97 | 678.06 | 824.03 | OK | |
r-release-linux-x86_64 | 1.0.0 | 143.36 | 674.08 | 817.44 | OK | |
r-release-macos-arm64 | 1.0.0 | 324.00 | OK | |||
r-release-macos-x86_64 | 1.0.0 | 683.00 | OK | |||
r-release-windows-x86_64 | 1.0.0 | 171.00 | 705.00 | 876.00 | OK | |
r-oldrel-macos-arm64 | 1.0.0 | 192.00 | NOTE | |||
r-oldrel-macos-x86_64 | 1.0.0 | 338.00 | NOTE | |||
r-oldrel-windows-x86_64 | 1.0.0 | 193.00 | 966.00 | 1159.00 | NOTE |
Version: 1.0.0
Check: installed package size
Result: NOTE
installed size is 15.3Mb
sub-directories of 1Mb or more:
doc 1.6Mb
libs 12.2Mb
Flavors: r-oldrel-macos-arm64, r-oldrel-macos-x86_64
Version: 1.0.0
Check: for GNU extensions in Makefiles
Result: NOTE
GNU make is a SystemRequirements.
Flavors: r-oldrel-macos-arm64, r-oldrel-macos-x86_64, r-oldrel-windows-x86_64