CRAN Package Check Results for Package twilio

Last updated on 2025-04-16 02:50:45 CEST.

Flavor Version Tinstall Tcheck Ttotal Status Flags
r-devel-linux-x86_64-debian-clang 0.1.0 3.68 33.01 36.69 OK
r-devel-linux-x86_64-debian-gcc 0.1.0 2.91 25.89 28.80 OK
r-devel-linux-x86_64-fedora-clang 0.1.0 57.50 OK
r-devel-linux-x86_64-fedora-gcc 0.1.0 56.96 OK
r-devel-windows-x86_64 0.1.0 5.00 53.00 58.00 OK
r-patched-linux-x86_64 0.1.0 3.71 32.04 35.75 OK
r-release-linux-x86_64 0.1.0 3.43 32.30 35.73 OK
r-release-macos-arm64 0.1.0 31.00 OK
r-release-macos-x86_64 0.1.0 38.00 OK
r-release-windows-x86_64 0.1.0 5.00 51.00 56.00 OK
r-oldrel-macos-arm64 0.1.0 21.00 NOTE
r-oldrel-macos-x86_64 0.1.0 30.00 NOTE
r-oldrel-windows-x86_64 0.1.0 6.00 59.00 65.00 NOTE

Check Details

Version: 0.1.0
Check: LazyData
Result: NOTE 'LazyData' is specified without a 'data' directory Flavors: r-oldrel-macos-arm64, r-oldrel-macos-x86_64, r-oldrel-windows-x86_64