Last updated on 2025-11-03 02:49:45 CET.
| Flavor | Version | Tinstall | Tcheck | Ttotal | Status | Flags |
|---|---|---|---|---|---|---|
| r-devel-linux-x86_64-debian-clang | 1.0.0 | 25.69 | 303.53 | 329.22 | OK | |
| r-devel-linux-x86_64-debian-gcc | 1.0.0 | 17.81 | 172.73 | 190.54 | OK | |
| r-devel-linux-x86_64-fedora-clang | 1.0.0 | 110.00 | 315.84 | 425.84 | OK | |
| r-devel-linux-x86_64-fedora-gcc | 1.0.0 | 51.00 | 294.59 | 345.59 | OK | |
| r-devel-windows-x86_64 | 1.0.0 | 18.00 | 130.00 | 148.00 | ERROR | |
| r-patched-linux-x86_64 | 1.0.0 | 24.57 | 288.78 | 313.35 | OK | |
| r-release-linux-x86_64 | 1.0.0 | 23.28 | 288.78 | 312.06 | OK | |
| r-release-macos-arm64 | 1.0.0 | 6.00 | 44.00 | 50.00 | OK | |
| r-release-macos-x86_64 | 1.0.0 | 14.00 | 88.00 | 102.00 | OK | |
| r-release-windows-x86_64 | 1.0.0 | 16.00 | 112.00 | 128.00 | OK | |
| r-oldrel-macos-arm64 | 1.0.0 | 6.00 | 45.00 | 51.00 | OK | |
| r-oldrel-macos-x86_64 | 1.0.0 | 13.00 | 89.00 | 102.00 | OK | |
| r-oldrel-windows-x86_64 | 1.0.0 | 20.00 | 147.00 | 167.00 | OK |
Version: 1.0.0
Check: tests
Result: ERROR
Running 'testthat.R' [4s]
Running the tests in 'tests/testthat.R' failed.
Complete output:
> # This file is part of the standard setup for testthat.
> # It is recommended that you do not modify it.
> #
> # Where should you do additional test configuration?
> # Learn more about the roles of various files in:
> # * https://r-pkgs.org/testing-design.html#sec-tests-files-overview
> # * https://testthat.r-lib.org/articles/special-files.html
>
> library(testthat)
> library(unfold)
>
> test_check("unfold")
Flavor: r-devel-windows-x86_64