Last updated on 2025-10-25 01:51:21 CEST.
| Flavor | Version | Tinstall | Tcheck | Ttotal | Status | Flags |
|---|---|---|---|---|---|---|
| r-devel-linux-x86_64-debian-clang | 1.0.5 | 2.58 | 30.94 | 33.52 | NOTE | |
| r-devel-linux-x86_64-debian-gcc | 1.0.5 | 2.65 | 24.65 | 27.30 | NOTE | |
| r-devel-linux-x86_64-fedora-clang | 1.0.5 | 30.00 | 25.40 | 55.40 | OK | |
| r-devel-linux-x86_64-fedora-gcc | 1.0.5 | 25.00 | 27.53 | 52.53 | OK | |
| r-devel-windows-x86_64 | 1.0.5 | 4.00 | 48.00 | 52.00 | OK | |
| r-patched-linux-x86_64 | 1.0.5 | 2.88 | 26.42 | 29.30 | OK | |
| r-release-linux-x86_64 | 1.0.5 | 2.42 | 26.40 | 28.82 | OK | |
| r-release-macos-arm64 | 1.0.5 | 1.00 | 17.00 | 18.00 | OK | |
| r-release-macos-x86_64 | 1.0.5 | 2.00 | 27.00 | 29.00 | OK | |
| r-release-windows-x86_64 | 1.0.5 | 7.00 | 51.00 | 58.00 | OK | |
| r-oldrel-macos-arm64 | 1.0.5 | 1.00 | 17.00 | 18.00 | OK | |
| r-oldrel-macos-x86_64 | 1.0.5 | 2.00 | 24.00 | 26.00 | OK | |
| r-oldrel-windows-x86_64 | 1.0.5 | 6.00 | 55.00 | 61.00 | OK |
Version: 1.0.5
Check: CRAN incoming feasibility
Result: NOTE
Maintainer: ‘Timothy Conwell <timconwell@gmail.com>’
No Authors@R field in DESCRIPTION.
Please add one, modifying
Authors@R: person(given = "Timothy",
family = "Conwell",
role = c("aut", "cre"),
email = "timconwell@gmail.com")
as necessary.
Flavors: r-devel-linux-x86_64-debian-clang, r-devel-linux-x86_64-debian-gcc