Last updated on 2025-04-30 01:50:41 CEST.
Flavor | Version | Tinstall | Tcheck | Ttotal | Status | Flags |
---|---|---|---|---|---|---|
r-devel-linux-x86_64-debian-clang | 0.0-7 | 9.98 | 288.76 | 298.74 | NOTE | |
r-devel-linux-x86_64-debian-gcc | 0.0-7 | 6.65 | 178.26 | 184.91 | OK | |
r-devel-linux-x86_64-fedora-clang | 0.0-7 | 473.55 | OK | |||
r-devel-linux-x86_64-fedora-gcc | 0.0-7 | 617.95 | OK | |||
r-devel-windows-x86_64 | 0.0-7 | 11.00 | 313.00 | 324.00 | OK | |
r-patched-linux-x86_64 | 0.0-7 | 10.26 | 290.23 | 300.49 | OK | |
r-release-linux-x86_64 | 0.0-7 | 9.50 | 263.20 | 272.70 | OK | |
r-release-macos-arm64 | 0.0-7 | 149.00 | OK | |||
r-release-macos-x86_64 | 0.0-7 | 443.00 | OK | |||
r-release-windows-x86_64 | 0.0-7 | 12.00 | 264.00 | 276.00 | OK | |
r-oldrel-macos-arm64 | 0.0-7 | 143.00 | OK | |||
r-oldrel-macos-x86_64 | 0.0-7 | 381.00 | OK | |||
r-oldrel-windows-x86_64 | 0.0-7 | 14.00 | 353.00 | 367.00 | OK |
Version: 0.0-7
Check: examples
Result: NOTE
Examples with CPU (user + system) or elapsed time > 5s
user system elapsed
ooom 7.092 0.059 7.818
Flavor: r-devel-linux-x86_64-debian-clang