Last updated on 2025-04-30 02:50:56 CEST.
Flavor | Version | Tinstall | Tcheck | Ttotal | Status | Flags |
---|---|---|---|---|---|---|
r-devel-linux-x86_64-debian-clang | 0.1.1 | 15.99 | 37.72 | 53.71 | OK | |
r-devel-linux-x86_64-debian-gcc | 0.1.1 | 12.43 | 29.83 | 42.26 | OK | |
r-devel-linux-x86_64-fedora-clang | 0.1.1 | 81.68 | OK | |||
r-devel-linux-x86_64-fedora-gcc | 0.1.1 | 92.51 | OK | |||
r-devel-windows-x86_64 | 0.1.1 | 139.00 | 62.00 | 201.00 | WARN | |
r-patched-linux-x86_64 | 0.1.1 | 12.89 | 36.31 | 49.20 | OK | |
r-release-linux-x86_64 | 0.1.1 | 13.03 | 36.36 | 49.39 | OK | |
r-release-macos-arm64 | 0.1.1 | 38.00 | OK | |||
r-release-macos-x86_64 | 0.1.1 | 64.00 | OK | |||
r-release-windows-x86_64 | 0.1.1 | 145.00 | 65.00 | 210.00 | WARN | |
r-oldrel-macos-arm64 | 0.1.1 | 32.00 | OK | |||
r-oldrel-macos-x86_64 | 0.1.1 | 48.00 | OK | |||
r-oldrel-windows-x86_64 | 0.1.1 | 148.00 | 71.00 | 219.00 | OK |
Version: 0.1.1
Check: compiled code
Result: WARN
File 'winch/libs/x64/winch.dll':
Found 'abort', possibly from 'abort' (C), 'runtime' (Fortran)
Object: 'local/lib/libbacktrace.a'
Compiled code should not call entry points which might terminate R nor
write to stdout/stderr instead of to the console, nor use Fortran I/O
nor system RNGs nor [v]sprintf.
See 'Writing portable packages' in the 'Writing R Extensions' manual.
Flavors: r-devel-windows-x86_64, r-release-windows-x86_64