Last updated on 2025-10-24 01:50:46 CEST.
| Flavor | Version | Tinstall | Tcheck | Ttotal | Status | Flags |
|---|---|---|---|---|---|---|
| r-devel-linux-x86_64-debian-clang | 1.4.0 | 12.47 | 50.61 | 63.08 | NOTE | |
| r-devel-linux-x86_64-debian-gcc | 1.4.0 | 9.62 | 37.03 | 46.65 | OK | |
| r-devel-linux-x86_64-fedora-clang | 1.4.0 | 92.00 | 28.09 | 120.09 | OK | |
| r-devel-linux-x86_64-fedora-gcc | 1.4.0 | 33.00 | 76.31 | 109.31 | OK | |
| r-devel-windows-x86_64 | 1.4.0 | 34.00 | 87.00 | 121.00 | OK | |
| r-patched-linux-x86_64 | 1.4.0 | 11.47 | 47.07 | 58.54 | OK | |
| r-release-linux-x86_64 | 1.4.0 | 10.56 | 46.87 | 57.43 | OK | |
| r-release-macos-arm64 | 1.4.0 | 8.00 | 122.00 | 130.00 | OK | |
| r-release-macos-x86_64 | 1.4.0 | 23.00 | 160.00 | 183.00 | OK | |
| r-release-windows-x86_64 | 1.4.0 | 38.00 | 86.00 | 124.00 | OK | |
| r-oldrel-macos-arm64 | 1.4.0 | 10.00 | 98.00 | 108.00 | OK | |
| r-oldrel-macos-x86_64 | 1.4.0 | 17.00 | 133.00 | 150.00 | OK | |
| r-oldrel-windows-x86_64 | 1.4.0 | 41.00 | 108.00 | 149.00 | OK |
Version: 1.4.0
Check: HTML version of manual
Result: NOTE
Found the following HTML validation problems:
xml2_example.html:47:1 (xml2_example.Rd:10): Warning: missing </ul> before </div>
Flavor: r-devel-linux-x86_64-debian-clang