Last updated on 2025-10-23 02:50:18 CEST.
Flavor | Version | Tinstall | Tcheck | Ttotal | Status | Flags |
---|---|---|---|---|---|---|
r-devel-linux-x86_64-debian-clang | 1.3.2 | 10.46 | 198.01 | 208.47 | NOTE | |
r-devel-linux-x86_64-debian-gcc | 1.3.2 | 7.55 | 117.76 | 125.31 | OK | |
r-devel-linux-x86_64-fedora-clang | 1.3.2 | 75.00 | 279.26 | 354.26 | OK | |
r-devel-linux-x86_64-fedora-gcc | 1.3.2 | 22.00 | 316.80 | 338.80 | OK | |
r-devel-windows-x86_64 | 1.3.2 | 16.00 | 220.00 | 236.00 | OK | |
r-patched-linux-x86_64 | 1.3.2 | 14.85 | 191.00 | 205.85 | OK | |
r-release-linux-x86_64 | 1.3.2 | 9.61 | 192.73 | 202.34 | OK | |
r-release-macos-arm64 | 1.3.2 | 7.00 | 106.00 | 113.00 | OK | |
r-release-macos-x86_64 | 1.3.2 | 11.00 | 189.00 | 200.00 | OK | |
r-release-windows-x86_64 | 1.3.2 | 16.00 | 226.00 | 242.00 | OK | |
r-oldrel-macos-arm64 | 1.3.2 | 6.00 | 96.00 | 102.00 | OK | |
r-oldrel-macos-x86_64 | 1.3.2 | 12.00 | 178.00 | 190.00 | OK | |
r-oldrel-windows-x86_64 | 1.3.2 | 22.00 | 294.00 | 316.00 | OK |
Version: 1.3.2
Check: HTML version of manual
Result: NOTE
Found the following HTML validation problems:
metric_summarizer.html:127:1 (metric_summarizer.Rd:67): Warning: missing </ul> before </div>
metric_vec_template.html:109:1 (metric_vec_template.Rd:56): Warning: missing </ul> before </div>
new-metric.html:80:1 (new-metric.Rd:34): Warning: missing </ul> before </div>
Flavor: r-devel-linux-x86_64-debian-clang