Last updated on 2025-05-09 01:50:17 CEST.
Flavor | Version | Tinstall | Tcheck | Ttotal | Status | Flags |
---|---|---|---|---|---|---|
r-devel-linux-x86_64-debian-clang | 1.1.0 | 14.87 | 129.34 | 144.21 | NOTE | |
r-devel-linux-x86_64-debian-gcc | 1.1.0 | 7.93 | 93.65 | 101.58 | NOTE | |
r-devel-linux-x86_64-fedora-clang | 1.1.0 | 237.30 | OK | |||
r-devel-linux-x86_64-fedora-gcc | 1.1.0 | 234.38 | OK | |||
r-devel-windows-x86_64 | 1.1.0 | 15.00 | 132.00 | 147.00 | NOTE | |
r-patched-linux-x86_64 | 1.1.0 | 13.88 | 122.05 | 135.93 | NOTE | |
r-release-linux-x86_64 | 1.1.0 | 13.10 | 121.97 | 135.07 | NOTE | |
r-release-macos-arm64 | 1.1.0 | 69.00 | OK | |||
r-release-macos-x86_64 | 1.1.0 | 125.00 | OK | |||
r-release-windows-x86_64 | 1.1.0 | 15.00 | 134.00 | 149.00 | NOTE | |
r-oldrel-macos-arm64 | 1.1.0 | 71.00 | OK | |||
r-oldrel-macos-x86_64 | 1.1.0 | 100.00 | OK | |||
r-oldrel-windows-x86_64 | 1.1.0 | 20.00 | 171.00 | 191.00 | OK |
Version: 1.1.0
Check: Rd cross-references
Result: NOTE
Found the following Rd file(s) with Rd \link{} targets missing package
anchors:
harmonized_dossier_summarize.Rd: valueType_list
harmonized_dossier_visualize.Rd: valueType_list
Please provide package anchors for all Rd \link{} targets not in the
package itself and the base packages.
Flavors: r-devel-linux-x86_64-debian-clang, r-devel-linux-x86_64-debian-gcc, r-devel-windows-x86_64, r-patched-linux-x86_64, r-release-linux-x86_64, r-release-windows-x86_64