Last updated on 2025-10-26 01:49:44 CEST.
| Flavor | Version | Tinstall | Tcheck | Ttotal | Status | Flags |
|---|---|---|---|---|---|---|
| r-devel-linux-x86_64-debian-clang | 0.1.8 | 7.87 | 97.02 | 104.89 | NOTE | |
| r-devel-linux-x86_64-debian-gcc | 0.1.8 | 5.20 | 71.38 | 76.58 | NOTE | |
| r-devel-linux-x86_64-fedora-clang | 0.1.8 | 17.00 | 146.92 | 163.92 | OK | |
| r-devel-linux-x86_64-fedora-gcc | 0.1.8 | 19.00 | 157.50 | 176.50 | OK | |
| r-devel-windows-x86_64 | 0.1.8 | 10.00 | 104.00 | 114.00 | OK | |
| r-patched-linux-x86_64 | 0.1.8 | 6.60 | 92.53 | 99.13 | OK | |
| r-release-linux-x86_64 | 0.1.8 | 6.12 | 91.71 | 97.83 | OK | |
| r-release-macos-arm64 | 0.1.8 | 5.00 | 67.00 | 72.00 | OK | |
| r-release-macos-x86_64 | 0.1.8 | 6.00 | 99.00 | 105.00 | OK | |
| r-release-windows-x86_64 | 0.1.8 | 10.00 | 108.00 | 118.00 | OK | |
| r-oldrel-macos-arm64 | 0.1.8 | 3.00 | 49.00 | 52.00 | OK | |
| r-oldrel-macos-x86_64 | 0.1.8 | 5.00 | 74.00 | 79.00 | OK | |
| r-oldrel-windows-x86_64 | 0.1.8 | 12.00 | 137.00 | 149.00 | OK |
Version: 0.1.8
Check: CRAN incoming feasibility
Result: NOTE
Maintainer: ‘Christopher Prener <chris.prener@gmail.com>’
Package CITATION file contains call(s) to old-style citEntry(). Please
use bibentry() instead.
Flavors: r-devel-linux-x86_64-debian-clang, r-devel-linux-x86_64-debian-gcc