Last updated on 2025-05-01 01:49:31 CEST.
Flavor | Version | Tinstall | Tcheck | Ttotal | Status | Flags |
---|---|---|---|---|---|---|
r-devel-linux-x86_64-debian-clang | 0.1.5 | 5.45 | 58.85 | 64.30 | NOTE | |
r-devel-linux-x86_64-debian-gcc | 0.1.5 | 3.42 | 47.29 | 50.71 | OK | |
r-devel-linux-x86_64-fedora-clang | 0.1.5 | 95.22 | OK | |||
r-devel-linux-x86_64-fedora-gcc | 0.1.5 | 104.97 | OK | |||
r-devel-windows-x86_64 | 0.1.5 | 6.00 | 90.00 | 96.00 | OK | |
r-patched-linux-x86_64 | 0.1.5 | 5.36 | 54.61 | 59.97 | OK | |
r-release-linux-x86_64 | 0.1.5 | 5.15 | 54.53 | 59.68 | OK | |
r-release-macos-arm64 | 0.1.5 | 41.00 | OK | |||
r-release-macos-x86_64 | 0.1.5 | 72.00 | OK | |||
r-release-windows-x86_64 | 0.1.5 | 6.00 | 97.00 | 103.00 | OK | |
r-oldrel-macos-arm64 | 0.1.5 | 40.00 | OK | |||
r-oldrel-macos-x86_64 | 0.1.5 | 54.00 | OK | |||
r-oldrel-windows-x86_64 | 0.1.5 | 8.00 | 93.00 | 101.00 | OK |
Version: 0.1.5
Check: examples
Result: NOTE
Examples with CPU (user + system) or elapsed time > 5s
user system elapsed
catalog 2.115 0.301 9.028
Flavor: r-devel-linux-x86_64-debian-clang
Version: 0.1.5
Check: examples
Result: NA
user system elapsed
catalog 2.303 0.543 11.954
fetch 1.097 0.319 6.117
import_spec 0.939 0.457 5.510
engines 0.953 0.376 6.020
print.dcat 0.894 0.370 5.932
specs 0.871 0.390 5.150
OK
Flavor: r-devel-linux-x86_64-debian-gcc