Last updated on 2025-05-11 01:49:34 CEST.
Flavor | Version | Tinstall | Tcheck | Ttotal | Status | Flags |
---|---|---|---|---|---|---|
r-devel-linux-x86_64-debian-clang | 0.2.0 | 2.22 | 26.40 | 28.62 | OK | |
r-devel-linux-x86_64-debian-gcc | 0.2.0 | 1.50 | 21.34 | 22.84 | OK | |
r-devel-linux-x86_64-fedora-clang | 0.2.0 | 44.33 | OK | |||
r-devel-linux-x86_64-fedora-gcc | 0.2.1 | 57.32 | OK | |||
r-devel-windows-x86_64 | 0.2.0 | 3.00 | 51.00 | 54.00 | OK | |
r-patched-linux-x86_64 | 0.2.0 | 2.05 | 24.39 | 26.44 | OK | |
r-release-linux-x86_64 | 0.2.0 | 1.86 | 24.29 | 26.15 | OK | |
r-release-macos-arm64 | 0.2.1 | 27.00 | OK | |||
r-release-macos-x86_64 | 0.2.1 | 49.00 | ERROR | |||
r-release-windows-x86_64 | 0.2.0 | 4.00 | 51.00 | 55.00 | OK | |
r-oldrel-macos-arm64 | 0.2.1 | 30.00 | OK | |||
r-oldrel-macos-x86_64 | 0.2.1 | 50.00 | OK | |||
r-oldrel-windows-x86_64 | 0.2.0 | 4.00 | 55.00 | 59.00 | OK |
Version: 0.2.1
Check: PDF version of manual
Result: WARN
LaTeX errors when creating PDF version.
This typically indicates Rd problems.
LaTeX errors found:
Flavor: r-release-macos-x86_64
Version: 0.2.1
Check: PDF version of manual without index
Result: ERROR
Flavor: r-release-macos-x86_64