Last updated on 2025-02-25 01:51:18 CET.
Flavor | Version | Tinstall | Tcheck | Ttotal | Status | Flags |
---|---|---|---|---|---|---|
r-devel-linux-x86_64-debian-clang | 0.8.5 | 36.36 | 37.52 | 73.88 | OK | |
r-devel-linux-x86_64-debian-gcc | 0.8.5 | 27.91 | 32.52 | 60.43 | OK | |
r-devel-linux-x86_64-fedora-clang | 0.8.5 | 130.15 | WARN | |||
r-devel-linux-x86_64-fedora-gcc | 0.8.5 | 140.91 | OK | |||
r-devel-macos-arm64 | 0.8.5 | 59.00 | OK | |||
r-devel-macos-x86_64 | 0.8.5 | 113.00 | OK | |||
r-devel-windows-x86_64 | 0.8.5 | 80.00 | 88.00 | 168.00 | OK | |
r-patched-linux-x86_64 | 0.8.5 | 38.47 | 38.58 | 77.05 | OK | |
r-release-linux-x86_64 | 0.8.5 | 37.53 | 38.53 | 76.06 | OK | |
r-release-macos-arm64 | 0.8.5 | 60.00 | NOTE | |||
r-release-macos-x86_64 | 0.8.5 | 142.00 | NOTE | |||
r-release-windows-x86_64 | 0.8.5 | 89.00 | 83.00 | 172.00 | NOTE | |
r-oldrel-macos-arm64 | 0.8.5 | 58.00 | NOTE | |||
r-oldrel-macos-x86_64 | 0.8.5 | 136.00 | NOTE | |||
r-oldrel-windows-x86_64 | 0.8.5 | 88.00 | 90.00 | 178.00 | NOTE |
Version: 0.8.5
Check: whether package can be installed
Result: WARN
Found the following significant warnings:
../inst/i/b/multiprecision/cpp_int/literals.hpp:239:166: warning: identifier '_cppi' preceded by whitespace in a literal operator declaration is deprecated [-Wdeprecated-literal-operator]
../inst/i/b/multiprecision/cpp_int/literals.hpp:246:168: warning: identifier '_cppui' preceded by whitespace in a literal operator declaration is deprecated [-Wdeprecated-literal-operator]
../inst/i/b/multiprecision/cpp_int/literals.hpp:270:1: warning: identifier '_cppi128' preceded by whitespace in a literal operator declaration is deprecated [-Wdeprecated-literal-operator]
../inst/i/b/multiprecision/cpp_int/literals.hpp:270:1: warning: identifier '_cppui128' preceded by whitespace in a literal operator declaration is deprecated [-Wdeprecated-literal-operator]
../inst/i/b/multiprecision/cpp_int/literals.hpp:271:1: warning: identifier '_cppi256' preceded by whitespace in a literal operator declaration is deprecated [-Wdeprecated-literal-operator]
../inst/i/b/multiprecision/cpp_int/literals.hpp:271:1: warning: identifier '_cppui256' preceded by whitespace in a literal operator declaration is deprecated [-Wdeprecated-literal-operator]
../inst/i/b/multiprecision/cpp_int/literals.hpp:272:1: warning: identifier '_cppi512' preceded by whitespace in a literal operator declaration is deprecated [-Wdeprecated-literal-operator]
../inst/i/b/multiprecision/cpp_int/literals.hpp:272:1: warning: identifier '_cppui512' preceded by whitespace in a literal operator declaration is deprecated [-Wdeprecated-literal-operator]
../inst/i/b/multiprecision/cpp_int/literals.hpp:273:1: warning: identifier '_cppi1024' preceded by whitespace in a literal operator declaration is deprecated [-Wdeprecated-literal-operator]
../inst/i/b/multiprecision/cpp_int/literals.hpp:273:1: warning: identifier '_cppui1024' preceded by whitespace in a literal operator declaration is deprecated [-Wdeprecated-literal-operator]
See ‘/data/gannet/ripley/R/packages/tests-clang/googlePolylines.Rcheck/00install.out’ for details.
* used C++ compiler: ‘clang version 20.1.0-rc2’
Flavor: r-devel-linux-x86_64-fedora-clang
Version: 0.8.5
Check: installed package size
Result: NOTE
installed size is 47.0Mb
sub-directories of 1Mb or more:
i 43.6Mb
libs 2.6Mb
Flavors: r-release-macos-arm64, r-release-macos-x86_64, r-release-windows-x86_64, r-oldrel-macos-arm64, r-oldrel-macos-x86_64, r-oldrel-windows-x86_64