Last updated on 2024-05-21 02:02:06 CEST.
Flavor | Version | Tinstall | Tcheck | Ttotal | Status | Flags |
---|---|---|---|---|---|---|
r-devel-linux-x86_64-debian-clang | 1.1.17 | 8.64 | 94.05 | 102.69 | OK | |
r-devel-linux-x86_64-debian-gcc | 1.1.17 | 7.16 | 71.24 | 78.40 | OK | |
r-devel-linux-x86_64-fedora-clang | 1.1.17 | 128.46 | NOTE | |||
r-devel-linux-x86_64-fedora-gcc | 1.1.17 | 139.03 | NOTE | |||
r-devel-windows-x86_64 | 1.1.17 | 10.00 | 112.00 | 122.00 | OK | |
r-patched-linux-x86_64 | 1.1.17 | 13.27 | 87.93 | 101.20 | OK | |
r-release-linux-x86_64 | 1.1.17 | 9.49 | 90.52 | 100.01 | OK | |
r-release-macos-arm64 | 1.1.17 | 53.00 | OK | |||
r-release-macos-x86_64 | 1.1.17 | 108.00 | OK | |||
r-release-windows-x86_64 | 1.1.17 | 9.00 | 112.00 | 121.00 | OK | |
r-oldrel-macos-arm64 | 1.1.17 | 62.00 | OK | |||
r-oldrel-macos-x86_64 | 1.1.17 | 111.00 | OK | |||
r-oldrel-windows-x86_64 | 1.1.17 | 11.00 | 126.00 | 137.00 | OK |
Version: 1.1.17
Check: Rd cross-references
Result: NOTE
Undeclared package ‘magrittr’ in Rd xrefs
Flavor: r-devel-linux-x86_64-fedora-clang
Version: 1.1.17
Check: data for non-ASCII characters
Result: NOTE
Note: found 60798 marked UTF-8 strings
Flavors: r-devel-linux-x86_64-fedora-clang, r-devel-linux-x86_64-fedora-gcc