Last updated on 2024-05-21 02:02:13 CEST.
Flavor | Version | Tinstall | Tcheck | Ttotal | Status | Flags |
---|---|---|---|---|---|---|
r-devel-linux-x86_64-debian-clang | 1.1.2 | 27.81 | 219.94 | 247.75 | OK | |
r-devel-linux-x86_64-debian-gcc | 1.1.2 | 20.70 | 160.76 | 181.46 | OK | |
r-devel-linux-x86_64-fedora-clang | 1.1.2 | 298.92 | NOTE | |||
r-devel-linux-x86_64-fedora-gcc | 1.1.2 | 298.14 | OK | |||
r-devel-windows-x86_64 | 1.1.2 | 23.00 | 160.00 | 183.00 | OK | |
r-patched-linux-x86_64 | 1.1.2 | 25.44 | 210.42 | 235.86 | OK | |
r-release-linux-x86_64 | 1.1.2 | 26.25 | 210.59 | 236.84 | OK | |
r-release-macos-arm64 | 1.1.2 | 87.00 | OK | |||
r-release-windows-x86_64 | 1.1.2 | 23.00 | 161.00 | 184.00 | OK | |
r-oldrel-macos-arm64 | 1.1.2 | 92.00 | OK | |||
r-oldrel-macos-x86_64 | 1.1.2 | 194.00 | OK | |||
r-oldrel-windows-x86_64 | 1.1.2 | 29.00 | 201.00 | 230.00 | OK |
Version: 1.1.2
Check: Rd cross-references
Result: NOTE
Undeclared package ‘spsur’ in Rd xrefs
Flavor: r-devel-linux-x86_64-fedora-clang