CRAN Package Check Results for Package ropercenter

Last updated on 2025-11-24 01:48:48 CET.

Flavor Version Tinstall Tcheck Ttotal Status Flags
r-devel-linux-x86_64-debian-clang 0.3.2 5.61 52.18 57.79 NOTE
r-devel-linux-x86_64-debian-gcc 0.3.2 3.99 39.09 43.08 NOTE
r-devel-linux-x86_64-fedora-clang 0.3.2 16.00 71.61 87.61 NOTE
r-devel-linux-x86_64-fedora-gcc 0.3.2 26.00 75.63 101.63 NOTE
r-devel-windows-x86_64 0.3.2 8.00 69.00 77.00 NOTE
r-patched-linux-x86_64 0.3.2 4.75 47.79 52.54 NOTE
r-release-linux-x86_64 0.3.2 5.21 47.23 52.44 NOTE
r-release-macos-arm64 0.3.2 NOTE
r-release-macos-x86_64 0.3.2 5.00 56.00 61.00 NOTE
r-release-windows-x86_64 0.3.2 8.00 69.00 77.00 NOTE
r-oldrel-macos-arm64 0.3.2 NOTE
r-oldrel-macos-x86_64 0.3.2 5.00 71.00 76.00 NOTE
r-oldrel-windows-x86_64 0.3.2 10.00 80.00 90.00 NOTE

Check Details

Version: 0.3.2
Check: Rd files
Result: NOTE checkRd: (-1) read_ascii.Rd:33: Lost braces 33 | \item{respondent_pattern}{For use when the file does not contain a line for every card for every respondent (or contains extra lines that correspond to no respondent), a regular expression that matches the file's respondent identifier; e.g., if the respondent number is stored in the first four digits of each line, preceded by a space, "(?<=^\\s)\\d{4}".} | ^ Flavors: r-devel-linux-x86_64-debian-clang, r-devel-linux-x86_64-debian-gcc, r-devel-linux-x86_64-fedora-clang, r-devel-linux-x86_64-fedora-gcc, r-devel-windows-x86_64, r-patched-linux-x86_64, r-release-linux-x86_64, r-release-macos-arm64, r-release-macos-x86_64, r-release-windows-x86_64, r-oldrel-macos-arm64, r-oldrel-macos-x86_64, r-oldrel-windows-x86_64