Last updated on 2025-05-01 01:49:46 CEST.
Flavor | Version | Tinstall | Tcheck | Ttotal | Status | Flags |
---|---|---|---|---|---|---|
r-devel-linux-x86_64-debian-clang | 2.11.2 | 74.52 | 163.67 | 238.19 | NOTE | |
r-devel-linux-x86_64-debian-gcc | 2.11.2 | 44.64 | 115.70 | 160.34 | OK | |
r-devel-linux-x86_64-fedora-clang | 2.11.2 | 396.78 | OK | |||
r-devel-linux-x86_64-fedora-gcc | 2.11.2 | 377.58 | OK | |||
r-devel-windows-x86_64 | 2.11.2 | 69.00 | 264.00 | 333.00 | OK | |
r-patched-linux-x86_64 | 2.11.2 | 65.76 | 154.63 | 220.39 | OK | |
r-release-linux-x86_64 | 2.11.2 | 60.91 | 155.25 | 216.16 | OK | |
r-release-macos-arm64 | 2.11.2 | 132.00 | OK | |||
r-release-macos-x86_64 | 2.11.2 | 263.00 | OK | |||
r-release-windows-x86_64 | 2.11.2 | 71.00 | 274.00 | 345.00 | OK | |
r-oldrel-macos-arm64 | 2.11.2 | 195.00 | OK | |||
r-oldrel-macos-x86_64 | 2.11.2 | 330.00 | OK | |||
r-oldrel-windows-x86_64 | 2.11.2 | 80.00 | 278.00 | 358.00 | OK |
Version: 2.11.2
Check: examples
Result: NOTE
Examples with CPU (user + system) or elapsed time > 5s
user system elapsed
CalcOHLLR 4.907 0.093 7.312
GetMaybeRel 4.573 0.024 5.347
sequoia 3.826 0.000 5.785
Flavor: r-devel-linux-x86_64-debian-clang