Last updated on 2025-04-30 01:50:38 CEST.
Flavor | Version | Tinstall | Tcheck | Ttotal | Status | Flags |
---|---|---|---|---|---|---|
r-devel-linux-x86_64-debian-clang | 1.0.3 | 10.60 | 111.95 | 122.55 | NOTE | |
r-devel-linux-x86_64-debian-gcc | 1.0.3 | 6.80 | 83.73 | 90.53 | NOTE | |
r-devel-linux-x86_64-fedora-clang | 1.0.3 | 188.60 | OK | |||
r-devel-linux-x86_64-fedora-gcc | 1.0.3 | 192.73 | OK | |||
r-devel-windows-x86_64 | 1.0.3 | 11.00 | 116.00 | 127.00 | OK | |
r-patched-linux-x86_64 | 1.0.3 | 10.08 | 105.90 | 115.98 | OK | |
r-release-linux-x86_64 | 1.0.3 | 9.77 | 105.31 | 115.08 | OK | |
r-release-macos-arm64 | 1.0.3 | 71.00 | OK | |||
r-release-macos-x86_64 | 1.0.3 | 105.00 | OK | |||
r-release-windows-x86_64 | 1.0.3 | 12.00 | 115.00 | 127.00 | OK | |
r-oldrel-macos-arm64 | 1.0.3 | 111.00 | OK | |||
r-oldrel-macos-x86_64 | 1.0.3 | 125.00 | OK | |||
r-oldrel-windows-x86_64 | 1.0.3 | 13.00 | 133.00 | 146.00 | OK |
Version: 1.0.3
Check: examples
Result: NOTE
Examples with CPU (user + system) or elapsed time > 5s
user system elapsed
standardize 6.401 0.266 7.944
Flavor: r-devel-linux-x86_64-debian-clang
Version: 1.0.3
Check: examples
Result: NOTE
Examples with CPU (user + system) or elapsed time > 5s
user system elapsed
standardize 3.999 0.102 5.145
Flavor: r-devel-linux-x86_64-debian-gcc